{"id":54,"date":"2017-01-23T17:00:36","date_gmt":"2017-01-23T17:00:36","guid":{"rendered":"http:\/\/dorogimedence.hu\/?page_id=54"},"modified":"2017-02-07T17:56:13","modified_gmt":"2017-02-07T16:56:13","slug":"vendeglatas","status":"publish","type":"page","link":"https:\/\/dorogimedence.hu\/index.php\/vendeglatas\/","title":{"rendered":"Vend\u00e9gl\u00e1t\u00e1s"},"content":{"rendered":"<p><img decoding=\"async\" class=\"size-full wp-image-167 alignleft\" src=\"https:\/\/dorogimedence.hu\/wp-content\/uploads\/2017\/01\/pizza-casa-luigi2.jpg\" alt=\"\" width=\"170\" height=\"115\" srcset=\"https:\/\/dorogimedence.hu\/wp-content\/uploads\/2017\/01\/pizza-casa-luigi2.jpg 170w, https:\/\/dorogimedence.hu\/wp-content\/uploads\/2017\/01\/pizza-casa-luigi2-168x115.jpg 168w\" sizes=\"(max-width: 170px) 100vw, 170px\" \/><strong>Pizza Casa Luigi<\/strong><\/p>\n<p>Dorog, B\u00e9csi \u00fat 7.<br \/>\n+36 33 521 121<\/p>\n<p><strong><a href=\"http:\/\/www.pizzacasaluigi.hu\/etelek.php\" target=\"_blank\">\u00c9tlap, rendel\u00e9s<\/a><\/strong><\/p>\n<p>&nbsp;<\/p>\n<p><strong><img decoding=\"async\" class=\"size-full wp-image-169 alignleft\" src=\"https:\/\/dorogimedence.hu\/wp-content\/uploads\/2017\/01\/hatarcsarda.jpg\" alt=\"\" width=\"170\" height=\"115\" srcset=\"https:\/\/dorogimedence.hu\/wp-content\/uploads\/2017\/01\/hatarcsarda.jpg 170w, https:\/\/dorogimedence.hu\/wp-content\/uploads\/2017\/01\/hatarcsarda-168x115.jpg 168w\" sizes=\"(max-width: 170px) 100vw, 170px\" \/>Hat\u00e1r Cs\u00e1rda<\/strong><\/p>\n<p>Dorog, B\u00e9csi \u00fat 1.<br \/>\n+36 33 431 150<\/p>\n<p><a href=\"http:\/\/www.hatarcsarda.hu\/etlap\/etlap.html\" target=\"_blank\"><strong>\u00c9tlap<\/strong><\/a><\/p>\n<p>&nbsp;<\/p>\n<p><strong><img decoding=\"async\" class=\"size-full wp-image-172 alignleft\" src=\"https:\/\/dorogimedence.hu\/wp-content\/uploads\/2017\/01\/zorbagyros.jpg\" alt=\"\" width=\"170\" height=\"115\" srcset=\"https:\/\/dorogimedence.hu\/wp-content\/uploads\/2017\/01\/zorbagyros.jpg 170w, https:\/\/dorogimedence.hu\/wp-content\/uploads\/2017\/01\/zorbagyros-168x115.jpg 168w\" sizes=\"(max-width: 170px) 100vw, 170px\" \/>Zorba Gyros<br \/>\n<\/strong><\/p>\n<p>Dorog, Ella k\u00f6z 3.<br \/>\n+36 30 556 6755<\/p>\n<p><a href=\"https:\/\/www.facebook.com\/zorbagyrosdorog\/\" target=\"_blank\"><strong>\u00c9tlap<\/strong><\/a><\/p>\n<p>&nbsp;<\/p>\n<p><strong><img loading=\"lazy\" decoding=\"async\" class=\"size-full wp-image-179 alignleft\" src=\"https:\/\/dorogimedence.hu\/wp-content\/uploads\/2017\/01\/fekete-sas.jpg\" alt=\"\" width=\"170\" height=\"115\" srcset=\"https:\/\/dorogimedence.hu\/wp-content\/uploads\/2017\/01\/fekete-sas.jpg 170w, https:\/\/dorogimedence.hu\/wp-content\/uploads\/2017\/01\/fekete-sas-168x115.jpg 168w\" sizes=\"(max-width: 170px) 100vw, 170px\" \/>Fekete Sas<\/strong><\/p>\n<p>Dorog, Esztergomi \u00fat 11.<br \/>\n+36 33 <span style=\"font-size: medium;\">331 537<\/span><\/p>\n<p><a href=\"http:\/\/www.fekete-sas.hu\/\" target=\"_blank\"><strong>\u00c9tlap<\/strong><\/a><\/p>\n<p>&nbsp;<\/p>\n<p><strong><img loading=\"lazy\" decoding=\"async\" class=\"size-full wp-image-175 alignleft\" src=\"https:\/\/dorogimedence.hu\/wp-content\/uploads\/2017\/01\/pizza-pala.jpg\" alt=\"\" width=\"170\" height=\"115\" srcset=\"https:\/\/dorogimedence.hu\/wp-content\/uploads\/2017\/01\/pizza-pala.jpg 170w, https:\/\/dorogimedence.hu\/wp-content\/uploads\/2017\/01\/pizza-pala-168x115.jpg 168w\" sizes=\"(max-width: 170px) 100vw, 170px\" \/>Pizza Pala<\/strong><\/p>\n<p>Esztergom-kv., Damjanich u. 113.<br \/>\n+36 80 630 123<\/p>\n<p><a href=\"https:\/\/www.facebook.com\/palapizzeria\/\" target=\"_blank\"><strong>\u00c9tlap<\/strong><\/a><\/p>\n<p>&nbsp;<\/p>\n<p><strong><img loading=\"lazy\" decoding=\"async\" class=\"size-full wp-image-177 alignleft\" src=\"https:\/\/dorogimedence.hu\/wp-content\/uploads\/2017\/01\/racing-bufe.jpg\" alt=\"\" width=\"170\" height=\"115\" srcset=\"https:\/\/dorogimedence.hu\/wp-content\/uploads\/2017\/01\/racing-bufe.jpg 170w, https:\/\/dorogimedence.hu\/wp-content\/uploads\/2017\/01\/racing-bufe-168x115.jpg 168w\" sizes=\"(max-width: 170px) 100vw, 170px\" \/>Racing B\u00fcf\u00e9<\/strong><\/p>\n<p>Tokodalt\u00e1r\u00f3, Sport u. 1.<br \/>\n+36 33 466 123<\/p>\n<p><a href=\"https:\/\/www.facebook.com\/334116849978417\/photos\/?tab=album&amp;album_id=1139299039460190\" target=\"_blank\"><strong>\u00c9tlap<\/strong><\/a><\/p>\n","protected":false},"excerpt":{"rendered":"<p>Pizza Casa Luigi Dorog, B\u00e9csi \u00fat 7. +36 33 521 121 \u00c9tlap, rendel\u00e9s &nbsp; Hat\u00e1r Cs\u00e1rda Dorog, B\u00e9csi \u00fat 1. +36 33 431 150 \u00c9tlap &nbsp; Zorba Gyros Dorog, Ella k\u00f6z 3. +36 30 556 6755 \u00c9tlap &nbsp; Fekete Sas Dorog, Esztergomi \u00fat 11. +36 33 331 537 \u00c9tlap &nbsp; Pizza Pala Esztergom-kv., Damjanich u.<\/p>\n","protected":false},"author":1,"featured_media":0,"parent":0,"menu_order":0,"comment_status":"closed","ping_status":"closed","template":"","meta":{"ngg_post_thumbnail":0,"footnotes":""},"class_list":["post-54","page","type-page","status-publish"],"yoast_head":"<!-- This site is optimized with the Yoast SEO plugin v27.3 - https:\/\/yoast.com\/product\/yoast-seo-wordpress\/ -->\n<title>Vend\u00e9gl\u00e1t\u00e1s - Dorogi-medence Region\u00e1lis H\u00edrport\u00e1l<\/title>\n<meta name=\"robots\" content=\"index, follow, max-snippet:-1, max-image-preview:large, max-video-preview:-1\" \/>\n<link rel=\"canonical\" href=\"https:\/\/dorogimedence.hu\/index.php\/vendeglatas\/\" class=\"yoast-seo-meta-tag\" \/>\n<meta property=\"og:locale\" content=\"hu_HU\" class=\"yoast-seo-meta-tag\" \/>\n<meta property=\"og:type\" content=\"article\" class=\"yoast-seo-meta-tag\" \/>\n<meta property=\"og:title\" content=\"Vend\u00e9gl\u00e1t\u00e1s - Dorogi-medence Region\u00e1lis H\u00edrport\u00e1l\" class=\"yoast-seo-meta-tag\" \/>\n<meta property=\"og:description\" content=\"Pizza Casa Luigi Dorog, B\u00e9csi \u00fat 7. +36 33 521 121 \u00c9tlap, rendel\u00e9s &nbsp; Hat\u00e1r Cs\u00e1rda Dorog, B\u00e9csi \u00fat 1. +36 33 431 150 \u00c9tlap &nbsp; Zorba Gyros Dorog, Ella k\u00f6z 3. +36 30 556 6755 \u00c9tlap &nbsp; Fekete Sas Dorog, Esztergomi \u00fat 11. +36 33 331 537 \u00c9tlap &nbsp; Pizza Pala Esztergom-kv., Damjanich u.\" class=\"yoast-seo-meta-tag\" \/>\n<meta property=\"og:url\" content=\"https:\/\/dorogimedence.hu\/index.php\/vendeglatas\/\" class=\"yoast-seo-meta-tag\" \/>\n<meta property=\"og:site_name\" content=\"Dorogi-medence Region\u00e1lis H\u00edrport\u00e1l\" class=\"yoast-seo-meta-tag\" \/>\n<meta property=\"article:publisher\" content=\"https:\/\/www.facebook.com\/dorogimedence\/\" class=\"yoast-seo-meta-tag\" \/>\n<meta property=\"article:modified_time\" content=\"2017-02-07T16:56:13+00:00\" class=\"yoast-seo-meta-tag\" \/>\n<meta property=\"og:image\" content=\"http:\/\/dorogimedence.hu\/wp-content\/uploads\/2017\/01\/pizza-casa-luigi2.jpg\" class=\"yoast-seo-meta-tag\" \/>\n<meta name=\"twitter:card\" content=\"summary_large_image\" class=\"yoast-seo-meta-tag\" \/>\n<script type=\"application\/ld+json\" class=\"yoast-schema-graph\">{\"@context\":\"https:\\\/\\\/schema.org\",\"@graph\":[{\"@type\":\"WebPage\",\"@id\":\"https:\\\/\\\/dorogimedence.hu\\\/index.php\\\/vendeglatas\\\/\",\"url\":\"https:\\\/\\\/dorogimedence.hu\\\/index.php\\\/vendeglatas\\\/\",\"name\":\"Vend\u00e9gl\u00e1t\u00e1s - Dorogi-medence Region\u00e1lis H\u00edrport\u00e1l\",\"isPartOf\":{\"@id\":\"https:\\\/\\\/dorogimedence.hu\\\/#website\"},\"primaryImageOfPage\":{\"@id\":\"https:\\\/\\\/dorogimedence.hu\\\/index.php\\\/vendeglatas\\\/#primaryimage\"},\"image\":{\"@id\":\"https:\\\/\\\/dorogimedence.hu\\\/index.php\\\/vendeglatas\\\/#primaryimage\"},\"thumbnailUrl\":\"http:\\\/\\\/dorogimedence.hu\\\/wp-content\\\/uploads\\\/2017\\\/01\\\/pizza-casa-luigi2.jpg\",\"datePublished\":\"2017-01-23T17:00:36+00:00\",\"dateModified\":\"2017-02-07T16:56:13+00:00\",\"breadcrumb\":{\"@id\":\"https:\\\/\\\/dorogimedence.hu\\\/index.php\\\/vendeglatas\\\/#breadcrumb\"},\"inLanguage\":\"hu\",\"potentialAction\":[{\"@type\":\"ReadAction\",\"target\":[\"https:\\\/\\\/dorogimedence.hu\\\/index.php\\\/vendeglatas\\\/\"]}]},{\"@type\":\"ImageObject\",\"inLanguage\":\"hu\",\"@id\":\"https:\\\/\\\/dorogimedence.hu\\\/index.php\\\/vendeglatas\\\/#primaryimage\",\"url\":\"http:\\\/\\\/dorogimedence.hu\\\/wp-content\\\/uploads\\\/2017\\\/01\\\/pizza-casa-luigi2.jpg\",\"contentUrl\":\"http:\\\/\\\/dorogimedence.hu\\\/wp-content\\\/uploads\\\/2017\\\/01\\\/pizza-casa-luigi2.jpg\"},{\"@type\":\"BreadcrumbList\",\"@id\":\"https:\\\/\\\/dorogimedence.hu\\\/index.php\\\/vendeglatas\\\/#breadcrumb\",\"itemListElement\":[{\"@type\":\"ListItem\",\"position\":1,\"name\":\"Kezd\u0151lap\",\"item\":\"https:\\\/\\\/dorogimedence.hu\\\/\"},{\"@type\":\"ListItem\",\"position\":2,\"name\":\"Vend\u00e9gl\u00e1t\u00e1s\"}]},{\"@type\":\"WebSite\",\"@id\":\"https:\\\/\\\/dorogimedence.hu\\\/#website\",\"url\":\"https:\\\/\\\/dorogimedence.hu\\\/\",\"name\":\"Dorogi-medence Region\u00e1lis H\u00edrport\u00e1l\",\"description\":\"Dorog, Keszt\u00f6lc, Le\u00e1nyv\u00e1r, Piliscs\u00e9v, Tokod, Tokodalt\u00e1r\u00f3, Csolnok, Esztergom-kertv\u00e1ros: h\u00edrek, programok\",\"publisher\":{\"@id\":\"https:\\\/\\\/dorogimedence.hu\\\/#organization\"},\"potentialAction\":[{\"@type\":\"SearchAction\",\"target\":{\"@type\":\"EntryPoint\",\"urlTemplate\":\"https:\\\/\\\/dorogimedence.hu\\\/?s={search_term_string}\"},\"query-input\":{\"@type\":\"PropertyValueSpecification\",\"valueRequired\":true,\"valueName\":\"search_term_string\"}}],\"inLanguage\":\"hu\"},{\"@type\":\"Organization\",\"@id\":\"https:\\\/\\\/dorogimedence.hu\\\/#organization\",\"name\":\"Dorogi-medence Region\u00e1lis H\u00edrport\u00e1l\",\"url\":\"https:\\\/\\\/dorogimedence.hu\\\/\",\"logo\":{\"@type\":\"ImageObject\",\"inLanguage\":\"hu\",\"@id\":\"https:\\\/\\\/dorogimedence.hu\\\/#\\\/schema\\\/logo\\\/image\\\/\",\"url\":\"https:\\\/\\\/dorogimedence.hu\\\/wp-content\\\/uploads\\\/2021\\\/04\\\/logo-feher-600.png\",\"contentUrl\":\"https:\\\/\\\/dorogimedence.hu\\\/wp-content\\\/uploads\\\/2021\\\/04\\\/logo-feher-600.png\",\"width\":600,\"height\":100,\"caption\":\"Dorogi-medence Region\u00e1lis H\u00edrport\u00e1l\"},\"image\":{\"@id\":\"https:\\\/\\\/dorogimedence.hu\\\/#\\\/schema\\\/logo\\\/image\\\/\"},\"sameAs\":[\"https:\\\/\\\/www.facebook.com\\\/dorogimedence\\\/\"]}]}<\/script>\n<!-- \/ Yoast SEO plugin. -->","yoast_head_json":{"title":"Vend\u00e9gl\u00e1t\u00e1s - Dorogi-medence Region\u00e1lis H\u00edrport\u00e1l","robots":{"index":"index","follow":"follow","max-snippet":"max-snippet:-1","max-image-preview":"max-image-preview:large","max-video-preview":"max-video-preview:-1"},"canonical":"https:\/\/dorogimedence.hu\/index.php\/vendeglatas\/","og_locale":"hu_HU","og_type":"article","og_title":"Vend\u00e9gl\u00e1t\u00e1s - Dorogi-medence Region\u00e1lis H\u00edrport\u00e1l","og_description":"Pizza Casa Luigi Dorog, B\u00e9csi \u00fat 7. +36 33 521 121 \u00c9tlap, rendel\u00e9s &nbsp; Hat\u00e1r Cs\u00e1rda Dorog, B\u00e9csi \u00fat 1. +36 33 431 150 \u00c9tlap &nbsp; Zorba Gyros Dorog, Ella k\u00f6z 3. +36 30 556 6755 \u00c9tlap &nbsp; Fekete Sas Dorog, Esztergomi \u00fat 11. +36 33 331 537 \u00c9tlap &nbsp; Pizza Pala Esztergom-kv., Damjanich u.","og_url":"https:\/\/dorogimedence.hu\/index.php\/vendeglatas\/","og_site_name":"Dorogi-medence Region\u00e1lis H\u00edrport\u00e1l","article_publisher":"https:\/\/www.facebook.com\/dorogimedence\/","article_modified_time":"2017-02-07T16:56:13+00:00","og_image":[{"url":"http:\/\/dorogimedence.hu\/wp-content\/uploads\/2017\/01\/pizza-casa-luigi2.jpg","type":"","width":"","height":""}],"twitter_card":"summary_large_image","schema":{"@context":"https:\/\/schema.org","@graph":[{"@type":"WebPage","@id":"https:\/\/dorogimedence.hu\/index.php\/vendeglatas\/","url":"https:\/\/dorogimedence.hu\/index.php\/vendeglatas\/","name":"Vend\u00e9gl\u00e1t\u00e1s - Dorogi-medence Region\u00e1lis H\u00edrport\u00e1l","isPartOf":{"@id":"https:\/\/dorogimedence.hu\/#website"},"primaryImageOfPage":{"@id":"https:\/\/dorogimedence.hu\/index.php\/vendeglatas\/#primaryimage"},"image":{"@id":"https:\/\/dorogimedence.hu\/index.php\/vendeglatas\/#primaryimage"},"thumbnailUrl":"http:\/\/dorogimedence.hu\/wp-content\/uploads\/2017\/01\/pizza-casa-luigi2.jpg","datePublished":"2017-01-23T17:00:36+00:00","dateModified":"2017-02-07T16:56:13+00:00","breadcrumb":{"@id":"https:\/\/dorogimedence.hu\/index.php\/vendeglatas\/#breadcrumb"},"inLanguage":"hu","potentialAction":[{"@type":"ReadAction","target":["https:\/\/dorogimedence.hu\/index.php\/vendeglatas\/"]}]},{"@type":"ImageObject","inLanguage":"hu","@id":"https:\/\/dorogimedence.hu\/index.php\/vendeglatas\/#primaryimage","url":"http:\/\/dorogimedence.hu\/wp-content\/uploads\/2017\/01\/pizza-casa-luigi2.jpg","contentUrl":"http:\/\/dorogimedence.hu\/wp-content\/uploads\/2017\/01\/pizza-casa-luigi2.jpg"},{"@type":"BreadcrumbList","@id":"https:\/\/dorogimedence.hu\/index.php\/vendeglatas\/#breadcrumb","itemListElement":[{"@type":"ListItem","position":1,"name":"Kezd\u0151lap","item":"https:\/\/dorogimedence.hu\/"},{"@type":"ListItem","position":2,"name":"Vend\u00e9gl\u00e1t\u00e1s"}]},{"@type":"WebSite","@id":"https:\/\/dorogimedence.hu\/#website","url":"https:\/\/dorogimedence.hu\/","name":"Dorogi-medence Region\u00e1lis H\u00edrport\u00e1l","description":"Dorog, Keszt\u00f6lc, Le\u00e1nyv\u00e1r, Piliscs\u00e9v, Tokod, Tokodalt\u00e1r\u00f3, Csolnok, Esztergom-kertv\u00e1ros: h\u00edrek, programok","publisher":{"@id":"https:\/\/dorogimedence.hu\/#organization"},"potentialAction":[{"@type":"SearchAction","target":{"@type":"EntryPoint","urlTemplate":"https:\/\/dorogimedence.hu\/?s={search_term_string}"},"query-input":{"@type":"PropertyValueSpecification","valueRequired":true,"valueName":"search_term_string"}}],"inLanguage":"hu"},{"@type":"Organization","@id":"https:\/\/dorogimedence.hu\/#organization","name":"Dorogi-medence Region\u00e1lis H\u00edrport\u00e1l","url":"https:\/\/dorogimedence.hu\/","logo":{"@type":"ImageObject","inLanguage":"hu","@id":"https:\/\/dorogimedence.hu\/#\/schema\/logo\/image\/","url":"https:\/\/dorogimedence.hu\/wp-content\/uploads\/2021\/04\/logo-feher-600.png","contentUrl":"https:\/\/dorogimedence.hu\/wp-content\/uploads\/2021\/04\/logo-feher-600.png","width":600,"height":100,"caption":"Dorogi-medence Region\u00e1lis H\u00edrport\u00e1l"},"image":{"@id":"https:\/\/dorogimedence.hu\/#\/schema\/logo\/image\/"},"sameAs":["https:\/\/www.facebook.com\/dorogimedence\/"]}]}},"_links":{"self":[{"href":"https:\/\/dorogimedence.hu\/index.php\/wp-json\/wp\/v2\/pages\/54","targetHints":{"allow":["GET"]}}],"collection":[{"href":"https:\/\/dorogimedence.hu\/index.php\/wp-json\/wp\/v2\/pages"}],"about":[{"href":"https:\/\/dorogimedence.hu\/index.php\/wp-json\/wp\/v2\/types\/page"}],"author":[{"embeddable":true,"href":"https:\/\/dorogimedence.hu\/index.php\/wp-json\/wp\/v2\/users\/1"}],"replies":[{"embeddable":true,"href":"https:\/\/dorogimedence.hu\/index.php\/wp-json\/wp\/v2\/comments?post=54"}],"version-history":[{"count":0,"href":"https:\/\/dorogimedence.hu\/index.php\/wp-json\/wp\/v2\/pages\/54\/revisions"}],"wp:attachment":[{"href":"https:\/\/dorogimedence.hu\/index.php\/wp-json\/wp\/v2\/media?parent=54"}],"curies":[{"name":"wp","href":"https:\/\/api.w.org\/{rel}","templated":true}]}}