{"id":18886,"date":"2019-08-22T17:11:02","date_gmt":"2019-08-22T15:11:02","guid":{"rendered":"http:\/\/dorogimedence.hu\/?page_id=18886"},"modified":"2019-09-13T10:18:30","modified_gmt":"2019-09-13T08:18:30","slug":"megyei-magazin","status":"publish","type":"page","link":"https:\/\/dorogimedence.hu\/index.php\/megyei-magazin\/","title":{"rendered":"Kom\u00e1rom-Esztergom Megyei Magazin \u00e9s H\u00edrad\u00f3"},"content":{"rendered":"<p><strong>Kom\u00e1rom-Esztergom Megyei H\u00edrad\u00f3 &#8211; 2019. szeptember 11.<\/strong><\/p>\n<div class=\"video-container\"><iframe src=\"https:\/\/www.youtube.com\/embed\/2v2DsKG-BtQ\" allowfullscreen=\"allowfullscreen\" width=\"560\" height=\"315\" frameborder=\"0\"><\/iframe><\/div>\n<p><strong><br \/>\nKom\u00e1rom-Esztergom Megyei Magazin &#8211; 2019. szeptember 11.<\/strong><\/p>\n<div class=\"video-container\"><iframe src=\"https:\/\/www.youtube.com\/embed\/8sbpJ-3D77Y\" allowfullscreen=\"allowfullscreen\" width=\"560\" height=\"315\" frameborder=\"0\"><\/iframe><\/div>\n","protected":false},"excerpt":{"rendered":"<p>Kom\u00e1rom-Esztergom Megyei H\u00edrad\u00f3 &#8211; 2019. szeptember 11. Kom\u00e1rom-Esztergom Megyei Magazin &#8211; 2019. szeptember 11.<\/p>\n","protected":false},"author":1,"featured_media":0,"parent":0,"menu_order":0,"comment_status":"closed","ping_status":"closed","template":"","meta":{"ngg_post_thumbnail":0,"footnotes":""},"class_list":["post-18886","page","type-page","status-publish"],"yoast_head":"<!-- This site is optimized with the Yoast SEO plugin v27.4 - https:\/\/yoast.com\/product\/yoast-seo-wordpress\/ -->\n<title>Kom\u00e1rom-Esztergom Megyei Magazin \u00e9s H\u00edrad\u00f3 - Dorogi-medence Region\u00e1lis H\u00edrport\u00e1l<\/title>\n<meta name=\"robots\" content=\"index, follow, max-snippet:-1, max-image-preview:large, max-video-preview:-1\" \/>\n<link rel=\"canonical\" href=\"https:\/\/dorogimedence.hu\/index.php\/megyei-magazin\/\" class=\"yoast-seo-meta-tag\" \/>\n<meta property=\"og:locale\" content=\"hu_HU\" class=\"yoast-seo-meta-tag\" \/>\n<meta property=\"og:type\" content=\"article\" class=\"yoast-seo-meta-tag\" \/>\n<meta property=\"og:title\" content=\"Kom\u00e1rom-Esztergom Megyei Magazin \u00e9s H\u00edrad\u00f3 - Dorogi-medence Region\u00e1lis H\u00edrport\u00e1l\" class=\"yoast-seo-meta-tag\" \/>\n<meta property=\"og:description\" content=\"Kom\u00e1rom-Esztergom Megyei H\u00edrad\u00f3 &#8211; 2019. szeptember 11. Kom\u00e1rom-Esztergom Megyei Magazin &#8211; 2019. szeptember 11.\" class=\"yoast-seo-meta-tag\" \/>\n<meta property=\"og:url\" content=\"https:\/\/dorogimedence.hu\/index.php\/megyei-magazin\/\" class=\"yoast-seo-meta-tag\" \/>\n<meta property=\"og:site_name\" content=\"Dorogi-medence Region\u00e1lis H\u00edrport\u00e1l\" class=\"yoast-seo-meta-tag\" \/>\n<meta property=\"article:publisher\" content=\"https:\/\/www.facebook.com\/dorogimedence\/\" class=\"yoast-seo-meta-tag\" \/>\n<meta property=\"article:modified_time\" content=\"2019-09-13T08:18:30+00:00\" class=\"yoast-seo-meta-tag\" \/>\n<meta name=\"twitter:card\" content=\"summary_large_image\" class=\"yoast-seo-meta-tag\" \/>\n<script type=\"application\/ld+json\" class=\"yoast-schema-graph\">{\"@context\":\"https:\\\/\\\/schema.org\",\"@graph\":[{\"@type\":\"WebPage\",\"@id\":\"https:\\\/\\\/dorogimedence.hu\\\/index.php\\\/megyei-magazin\\\/\",\"url\":\"https:\\\/\\\/dorogimedence.hu\\\/index.php\\\/megyei-magazin\\\/\",\"name\":\"Kom\u00e1rom-Esztergom Megyei Magazin \u00e9s H\u00edrad\u00f3 - Dorogi-medence Region\u00e1lis H\u00edrport\u00e1l\",\"isPartOf\":{\"@id\":\"https:\\\/\\\/dorogimedence.hu\\\/#website\"},\"datePublished\":\"2019-08-22T15:11:02+00:00\",\"dateModified\":\"2019-09-13T08:18:30+00:00\",\"breadcrumb\":{\"@id\":\"https:\\\/\\\/dorogimedence.hu\\\/index.php\\\/megyei-magazin\\\/#breadcrumb\"},\"inLanguage\":\"hu\",\"potentialAction\":[{\"@type\":\"ReadAction\",\"target\":[\"https:\\\/\\\/dorogimedence.hu\\\/index.php\\\/megyei-magazin\\\/\"]}]},{\"@type\":\"BreadcrumbList\",\"@id\":\"https:\\\/\\\/dorogimedence.hu\\\/index.php\\\/megyei-magazin\\\/#breadcrumb\",\"itemListElement\":[{\"@type\":\"ListItem\",\"position\":1,\"name\":\"Kezd\u0151lap\",\"item\":\"https:\\\/\\\/dorogimedence.hu\\\/\"},{\"@type\":\"ListItem\",\"position\":2,\"name\":\"Kom\u00e1rom-Esztergom Megyei Magazin \u00e9s H\u00edrad\u00f3\"}]},{\"@type\":\"WebSite\",\"@id\":\"https:\\\/\\\/dorogimedence.hu\\\/#website\",\"url\":\"https:\\\/\\\/dorogimedence.hu\\\/\",\"name\":\"Dorogi-medence Region\u00e1lis H\u00edrport\u00e1l\",\"description\":\"Dorog, Keszt\u00f6lc, Le\u00e1nyv\u00e1r, Piliscs\u00e9v, Tokod, Tokodalt\u00e1r\u00f3, Csolnok, Esztergom-kertv\u00e1ros: h\u00edrek, programok\",\"publisher\":{\"@id\":\"https:\\\/\\\/dorogimedence.hu\\\/#organization\"},\"potentialAction\":[{\"@type\":\"SearchAction\",\"target\":{\"@type\":\"EntryPoint\",\"urlTemplate\":\"https:\\\/\\\/dorogimedence.hu\\\/?s={search_term_string}\"},\"query-input\":{\"@type\":\"PropertyValueSpecification\",\"valueRequired\":true,\"valueName\":\"search_term_string\"}}],\"inLanguage\":\"hu\"},{\"@type\":\"Organization\",\"@id\":\"https:\\\/\\\/dorogimedence.hu\\\/#organization\",\"name\":\"Dorogi-medence Region\u00e1lis H\u00edrport\u00e1l\",\"url\":\"https:\\\/\\\/dorogimedence.hu\\\/\",\"logo\":{\"@type\":\"ImageObject\",\"inLanguage\":\"hu\",\"@id\":\"https:\\\/\\\/dorogimedence.hu\\\/#\\\/schema\\\/logo\\\/image\\\/\",\"url\":\"https:\\\/\\\/dorogimedence.hu\\\/wp-content\\\/uploads\\\/2021\\\/04\\\/logo-feher-600.png\",\"contentUrl\":\"https:\\\/\\\/dorogimedence.hu\\\/wp-content\\\/uploads\\\/2021\\\/04\\\/logo-feher-600.png\",\"width\":600,\"height\":100,\"caption\":\"Dorogi-medence Region\u00e1lis H\u00edrport\u00e1l\"},\"image\":{\"@id\":\"https:\\\/\\\/dorogimedence.hu\\\/#\\\/schema\\\/logo\\\/image\\\/\"},\"sameAs\":[\"https:\\\/\\\/www.facebook.com\\\/dorogimedence\\\/\"]}]}<\/script>\n<!-- \/ Yoast SEO plugin. -->","yoast_head_json":{"title":"Kom\u00e1rom-Esztergom Megyei Magazin \u00e9s H\u00edrad\u00f3 - Dorogi-medence Region\u00e1lis H\u00edrport\u00e1l","robots":{"index":"index","follow":"follow","max-snippet":"max-snippet:-1","max-image-preview":"max-image-preview:large","max-video-preview":"max-video-preview:-1"},"canonical":"https:\/\/dorogimedence.hu\/index.php\/megyei-magazin\/","og_locale":"hu_HU","og_type":"article","og_title":"Kom\u00e1rom-Esztergom Megyei Magazin \u00e9s H\u00edrad\u00f3 - Dorogi-medence Region\u00e1lis H\u00edrport\u00e1l","og_description":"Kom\u00e1rom-Esztergom Megyei H\u00edrad\u00f3 &#8211; 2019. szeptember 11. Kom\u00e1rom-Esztergom Megyei Magazin &#8211; 2019. szeptember 11.","og_url":"https:\/\/dorogimedence.hu\/index.php\/megyei-magazin\/","og_site_name":"Dorogi-medence Region\u00e1lis H\u00edrport\u00e1l","article_publisher":"https:\/\/www.facebook.com\/dorogimedence\/","article_modified_time":"2019-09-13T08:18:30+00:00","twitter_card":"summary_large_image","schema":{"@context":"https:\/\/schema.org","@graph":[{"@type":"WebPage","@id":"https:\/\/dorogimedence.hu\/index.php\/megyei-magazin\/","url":"https:\/\/dorogimedence.hu\/index.php\/megyei-magazin\/","name":"Kom\u00e1rom-Esztergom Megyei Magazin \u00e9s H\u00edrad\u00f3 - Dorogi-medence Region\u00e1lis H\u00edrport\u00e1l","isPartOf":{"@id":"https:\/\/dorogimedence.hu\/#website"},"datePublished":"2019-08-22T15:11:02+00:00","dateModified":"2019-09-13T08:18:30+00:00","breadcrumb":{"@id":"https:\/\/dorogimedence.hu\/index.php\/megyei-magazin\/#breadcrumb"},"inLanguage":"hu","potentialAction":[{"@type":"ReadAction","target":["https:\/\/dorogimedence.hu\/index.php\/megyei-magazin\/"]}]},{"@type":"BreadcrumbList","@id":"https:\/\/dorogimedence.hu\/index.php\/megyei-magazin\/#breadcrumb","itemListElement":[{"@type":"ListItem","position":1,"name":"Kezd\u0151lap","item":"https:\/\/dorogimedence.hu\/"},{"@type":"ListItem","position":2,"name":"Kom\u00e1rom-Esztergom Megyei Magazin \u00e9s H\u00edrad\u00f3"}]},{"@type":"WebSite","@id":"https:\/\/dorogimedence.hu\/#website","url":"https:\/\/dorogimedence.hu\/","name":"Dorogi-medence Region\u00e1lis H\u00edrport\u00e1l","description":"Dorog, Keszt\u00f6lc, Le\u00e1nyv\u00e1r, Piliscs\u00e9v, Tokod, Tokodalt\u00e1r\u00f3, Csolnok, Esztergom-kertv\u00e1ros: h\u00edrek, programok","publisher":{"@id":"https:\/\/dorogimedence.hu\/#organization"},"potentialAction":[{"@type":"SearchAction","target":{"@type":"EntryPoint","urlTemplate":"https:\/\/dorogimedence.hu\/?s={search_term_string}"},"query-input":{"@type":"PropertyValueSpecification","valueRequired":true,"valueName":"search_term_string"}}],"inLanguage":"hu"},{"@type":"Organization","@id":"https:\/\/dorogimedence.hu\/#organization","name":"Dorogi-medence Region\u00e1lis H\u00edrport\u00e1l","url":"https:\/\/dorogimedence.hu\/","logo":{"@type":"ImageObject","inLanguage":"hu","@id":"https:\/\/dorogimedence.hu\/#\/schema\/logo\/image\/","url":"https:\/\/dorogimedence.hu\/wp-content\/uploads\/2021\/04\/logo-feher-600.png","contentUrl":"https:\/\/dorogimedence.hu\/wp-content\/uploads\/2021\/04\/logo-feher-600.png","width":600,"height":100,"caption":"Dorogi-medence Region\u00e1lis H\u00edrport\u00e1l"},"image":{"@id":"https:\/\/dorogimedence.hu\/#\/schema\/logo\/image\/"},"sameAs":["https:\/\/www.facebook.com\/dorogimedence\/"]}]}},"_links":{"self":[{"href":"https:\/\/dorogimedence.hu\/index.php\/wp-json\/wp\/v2\/pages\/18886","targetHints":{"allow":["GET"]}}],"collection":[{"href":"https:\/\/dorogimedence.hu\/index.php\/wp-json\/wp\/v2\/pages"}],"about":[{"href":"https:\/\/dorogimedence.hu\/index.php\/wp-json\/wp\/v2\/types\/page"}],"author":[{"embeddable":true,"href":"https:\/\/dorogimedence.hu\/index.php\/wp-json\/wp\/v2\/users\/1"}],"replies":[{"embeddable":true,"href":"https:\/\/dorogimedence.hu\/index.php\/wp-json\/wp\/v2\/comments?post=18886"}],"version-history":[{"count":0,"href":"https:\/\/dorogimedence.hu\/index.php\/wp-json\/wp\/v2\/pages\/18886\/revisions"}],"wp:attachment":[{"href":"https:\/\/dorogimedence.hu\/index.php\/wp-json\/wp\/v2\/media?parent=18886"}],"curies":[{"name":"wp","href":"https:\/\/api.w.org\/{rel}","templated":true}]}}

Komárom-Esztergom Megyei Magazin és Híradó

<p><strong>Komárom-Esztergom Megyei Híradó &#8211; 2019. szeptember 11.</strong></p>
<div class="video-container"><iframe src="https://www.youtube.com/embed/2v2DsKG-BtQ" allowfullscreen="allowfullscreen" width="560" height="315" frameborder="0"></iframe></div>
<p><strong><br />
Komárom-Esztergom Megyei Magazin &#8211; 2019. szeptember 11.</strong></p>
<div class="video-container"><iframe src="https://www.youtube.com/embed/8sbpJ-3D77Y" allowfullscreen="allowfullscreen" width="560" height="315" frameborder="0"></iframe></div>

<p>Komárom-Esztergom Megyei Híradó &#8211; 2019. szeptember 11. Komárom-Esztergom Megyei Magazin &#8211; 2019. szeptember 11.</p>

<!-- This site is optimized with the Yoast SEO plugin v27.4 - https://yoast.com/product/yoast-seo-wordpress/ -->
<title>Komárom-Esztergom Megyei Magazin és Híradó - Dorogi-medence Regionális Hírportál</title>
<meta name="robots" content="index, follow, max-snippet:-1, max-image-preview:large, max-video-preview:-1" />
<link rel="canonical" href="https://dorogimedence.hu/index.php/megyei-magazin/" class="yoast-seo-meta-tag" />
<meta property="og:locale" content="hu_HU" class="yoast-seo-meta-tag" />
<meta property="og:type" content="article" class="yoast-seo-meta-tag" />
<meta property="og:title" content="Komárom-Esztergom Megyei Magazin és Híradó - Dorogi-medence Regionális Hírportál" class="yoast-seo-meta-tag" />
<meta property="og:description" content="Komárom-Esztergom Megyei Híradó &#8211; 2019. szeptember 11. Komárom-Esztergom Megyei Magazin &#8211; 2019. szeptember 11." class="yoast-seo-meta-tag" />
<meta property="og:url" content="https://dorogimedence.hu/index.php/megyei-magazin/" class="yoast-seo-meta-tag" />
<meta property="og:site_name" content="Dorogi-medence Regionális Hírportál" class="yoast-seo-meta-tag" />
<meta property="article:publisher" content="https://www.facebook.com/dorogimedence/" class="yoast-seo-meta-tag" />
<meta property="article:modified_time" content="2019-09-13T08:18:30+00:00" class="yoast-seo-meta-tag" />
<meta name="twitter:card" content="summary_large_image" class="yoast-seo-meta-tag" />
<script type="application/ld+json" class="yoast-schema-graph">{"@context":"https:\/\/schema.org","@graph":[{"@type":"WebPage","@id":"https:\/\/dorogimedence.hu\/index.php\/megyei-magazin\/","url":"https:\/\/dorogimedence.hu\/index.php\/megyei-magazin\/","name":"Komárom-Esztergom Megyei Magazin és Híradó - Dorogi-medence Regionális Hírportál","isPartOf":{"@id":"https:\/\/dorogimedence.hu\/#website"},"datePublished":"2019-08-22T15:11:02+00:00","dateModified":"2019-09-13T08:18:30+00:00","breadcrumb":{"@id":"https:\/\/dorogimedence.hu\/index.php\/megyei-magazin\/#breadcrumb"},"inLanguage":"hu","potentialAction":[{"@type":"ReadAction","target":["https:\/\/dorogimedence.hu\/index.php\/megyei-magazin\/"]}]},{"@type":"BreadcrumbList","@id":"https:\/\/dorogimedence.hu\/index.php\/megyei-magazin\/#breadcrumb","itemListElement":[{"@type":"ListItem","position":1,"name":"Kezdőlap","item":"https:\/\/dorogimedence.hu\/"},{"@type":"ListItem","position":2,"name":"Komárom-Esztergom Megyei Magazin és Híradó"}]},{"@type":"WebSite","@id":"https:\/\/dorogimedence.hu\/#website","url":"https:\/\/dorogimedence.hu\/","name":"Dorogi-medence Regionális Hírportál","description":"Dorog, Kesztölc, Leányvár, Piliscsév, Tokod, Tokodaltáró, Csolnok, Esztergom-kertváros: hírek, programok","publisher":{"@id":"https:\/\/dorogimedence.hu\/#organization"},"potentialAction":[{"@type":"SearchAction","target":{"@type":"EntryPoint","urlTemplate":"https:\/\/dorogimedence.hu\/?s={search_term_string}"},"query-input":{"@type":"PropertyValueSpecification","valueRequired":true,"valueName":"search_term_string"}}],"inLanguage":"hu"},{"@type":"Organization","@id":"https:\/\/dorogimedence.hu\/#organization","name":"Dorogi-medence Regionális Hírportál","url":"https:\/\/dorogimedence.hu\/","logo":{"@type":"ImageObject","inLanguage":"hu","@id":"https:\/\/dorogimedence.hu\/#\/schema\/logo\/image\/","url":"https:\/\/dorogimedence.hu\/wp-content\/uploads\/2021\/04\/logo-feher-600.png","contentUrl":"https:\/\/dorogimedence.hu\/wp-content\/uploads\/2021\/04\/logo-feher-600.png","width":600,"height":100,"caption":"Dorogi-medence Regionális Hírportál"},"image":{"@id":"https:\/\/dorogimedence.hu\/#\/schema\/logo\/image\/"},"sameAs":["https:\/\/www.facebook.com\/dorogimedence\/"]}]}</script>
<!-- / Yoast SEO plugin. -->

Komárom-Esztergom Megyei Magazin és Híradó - Dorogi-medence Regionális Hírportál

Komárom-Esztergom Megyei Híradó &#8211; 2019. szeptember 11. Komárom-Esztergom Megyei Magazin &#8211; 2019. szeptember 11.

Dorogi-medence Regionális Hírportál

Kezdőlap

Dorog, Kesztölc, Leányvár, Piliscsév, Tokod, Tokodaltáró, Csolnok, Esztergom-kertváros: hírek, programok
