{"id":10267,"date":"2018-05-24T12:40:56","date_gmt":"2018-05-24T10:40:56","guid":{"rendered":"http:\/\/dorogimedence.hu\/?page_id=10267"},"modified":"2021-04-02T13:43:29","modified_gmt":"2021-04-02T11:43:29","slug":"adatvedelmi-tajekoztato","status":"publish","type":"page","link":"https:\/\/dorogimedence.hu\/index.php\/adatvedelmi-tajekoztato\/","title":{"rendered":"Adatv\u00e9delmi t\u00e1j\u00e9koztat\u00f3"},"content":{"rendered":"<h2><strong>Az E<span class=\"st\">ur\u00f3pai \u00e1ltal\u00e1nos adatv\u00e9delmi rendelet (<\/span>GDPR) alapj\u00e1n, k\u00e9rj\u00fck olvassa el az adavatv\u00e9delmi t\u00e1j\u00e9koztat\u00f3nkat.<\/strong><\/h2>\n<h2>Kik vagyunk<\/h2>\n<p>Lehoczki D\u00e1vid e.v. &#8222;Kisad\u00f3z\u00f3&#8221; a Dorogi-medence Region\u00e1lis H\u00edrport\u00e1l (dorogimedence.hu) \u00fczemeltet\u0151je minim\u00e1lis szint\u0171 adatkezel\u00e9st haszn\u00e1l. Mivel az eml\u00edtett h\u00edrport\u00e1lon sem regisztr\u00e1ci\u00f3ra, sem jelentkez\u00e9sre nincs lehet\u0151s\u00e9g, \u00edgy szem\u00e9lyes adatok t\u00e1rol\u00e1sa sem t\u00f6rt\u00e9nik.<\/p>\n<h2>Melyek azok a szem\u00e9lyes adatok, amiket gy\u0171jt\u00fcnk \u00e9s milyen c\u00e9llal gy\u0171jtj\u00fck ezeket<\/h2>\n<h3>Hozz\u00e1sz\u00f3l\u00e1sok<\/h3>\n<p>A bejegyz\u00e9shez tartoz\u00f3 hozz\u00e1sz\u00f3l\u00e1sokat a Facebook rendszere kezeli, amennyiben k\u00e9retlen hozz\u00e1sz\u00f3l\u00e1s \u00e9rkezik, a weboldal \u00fczemeltet\u0151je letilthatja azokat.<\/p>\n<h3>Kapcsolatfelv\u00e9teli \u0171rlapok<\/h3>\n<h3>S\u00fctik<\/h3>\n<p>Hozz\u00e1sz\u00f3l\u00e1s \u00edr\u00e1sa illetve a keres\u00e9s ut\u00e1n a honlap a megadott nevet, e-mail \u00e9s web c\u00edmet s\u00fctiben elt\u00e1rolja. A t\u00e1rol\u00e1s csak k\u00e9nyelmi c\u00e9lokat szolg\u00e1l, hogy a k\u00f6vetkez\u0151 hozz\u00e1sz\u00f3l\u00e1skor ne kelljen automatikusan kit\u00f6lteni. A s\u00fctik lej\u00e1rati ideje 1 \u00e9v.<\/p>\n<h3>M\u00e1s honlapokr\u00f3l sz\u00e1rmaz\u00f3 be\u00e1gyazott tartalmak<\/h3>\n<p>A honlapon el\u00e9rhet\u0151 bejegyz\u00e9sek k\u00fcls\u0151 forr\u00e1sb\u00f3l sz\u00e1rmaz\u00f3 be\u00e1gyazott tartalmakat (pl. vide\u00f3k, k\u00e9pek, cikkek stb.) haszn\u00e1lhatnak. A k\u00fcls\u0151 forr\u00e1sb\u00f3l sz\u00e1rmaz\u00f3 be\u00e1gyazott tartalmak pontosan \u00fagy viselkednek, mintha megl\u00e1togattunk volna egy m\u00e1sik honlapot.<\/p>\n<p>Ezek a webhelyek lehets\u00e9ges, hogy adatot gy\u0171jtenek a l\u00e1togat\u00f3kr\u00f3l, s\u00fctiket vagy harmadik f\u00e9lt\u0151l sz\u00e1rmaz\u00f3 k\u00f6vet\u0151k\u00f3dot haszn\u00e1lnak, figyelik a be\u00e1gyazott tartalommal kapcsolatos felhaszn\u00e1l\u00f3i viselked\u00e9st, ha rendelkez\u00fcnk felhaszn\u00e1l\u00f3i fi\u00f3kkal \u00e9s be vagyunk jelentkezve az oldalra.<\/p>\n<h3>Analitika<\/h3>\n<p>A h\u00edrport\u00e1lra telep\u00edtett Google Analytics \u00e9s Google Adsense k\u00f6vet\u0151k\u00f3dok \u2013 a Google l\u00e1togatotts\u00e1gi statisztik\u00e1j\u00e1hoz \u00e9s hirdet\u00e9si strukt\u00far\u00e1j\u00e1hoz \u2013 haszn\u00e1l beazonos\u00edt\u00e1s szint\u0171 adatkezel\u00e9st. A statisztik\u00e1val \u00e9s a hirdet\u00e9si profilokkal kapcsolatos adatkezel\u00e9s a Google biztons\u00e1gos szerver\u00e9n t\u00f6rt\u00e9nik, amit a dorogimedence.hu \u00fczemeltet\u0151i k\u00e9tl\u00e9pcs\u0151s, biztons\u00e1gi azonos\u00edt\u00e1ssal tudnak el\u00e9rni, jelsz\u00f3val v\u00e9dett eszk\u00f6z\u00f6k\u00f6n.<\/p>\n<h2>Kivel osztjuk meg a felhaszn\u00e1l\u00f3i adatokat<\/h2>\n<p>A h\u00edrport\u00e1l \u00fczemeltet\u0151i biztos\u00edtj\u00e1k a felhaszn\u00e1l\u00f3kat, hogy harmadik f\u00e9lnek semmilyen \u2013 beazonos\u00edt\u00e1s szint\u0171 \u2013 statisztik\u00e1t, illetve adatot nem adnak ki!<\/p>\n<h2>Mennyi ideig \u0151rizz\u00fck a szem\u00e9lyes adatot<\/h2>\n<p>Ha hozz\u00e1sz\u00f3lunk, a hozz\u00e1sz\u00f3l\u00e1s \u00e9s annak metaadatai nem meghat\u00e1rozhat\u00f3 ideig a rendszerben maradnak. Ennek c\u00e9lja, hogy az \u00f6sszes ezt k\u00f6vet\u0151 b\u00e1rmely hozz\u00e1sz\u00f3l\u00e1s \u00e1ltalunk megismertt\u00e9 \u00e9s j\u00f3v\u00e1hagyott\u00e1 v\u00e1ljon, azaz ne ker\u00fclj\u00f6n fel a moder\u00e1land\u00f3 hozz\u00e1sz\u00f3l\u00e1sok list\u00e1j\u00e1ra. A hozz\u00e1sz\u00f3l\u00e1sok a Facebookra val\u00f3 bejelentkez\u00e9s ut\u00e1n az adott bejegyz\u00e9sn\u00e9l t\u00f6r\u00f6lhet\u0151k.<\/p>\n<h2>Tov\u00e1bbi inform\u00e1ci\u00f3k<\/h2>\n<h3>Hogyan v\u00e9dj\u00fck a felhaszn\u00e1l\u00f3i szem\u00e9lyes adatokat<\/h3>\n<p>A Dorogi-medence Region\u00e1lis h\u00edrport\u00e1l minden adatot jelsz\u00f3val v\u00e9dett szervereken t\u00e1rol, azokat harmadik f\u00e9lnek nem adja ki.<\/p>\n<h3>Milyen automatiz\u00e1lt d\u00f6nt\u00e9shozatalt \u00e9s\/vagy profilalkot\u00e1st v\u00e9gz\u00fcnk a felhaszn\u00e1l\u00f3i adatokkal<\/h3>\n<p>A Dorogi-medence Region\u00e1lis H\u00edrport\u00e1l nem v\u00e9gez profilalkot\u00e1st a felhaszn\u00e1l\u00f3i adatokkal.<\/p>\n<p><em>Amennyiben b\u00e1rmilyen szempontb\u00f3l kifog\u00e1solja az adatv\u00e9delmi t\u00e1j\u00e9koztat\u00f3nkat, k\u00e9rj\u00fck, \u00edrjon e-mailt az info@dorogimedence.hu c\u00edmre!<\/em><\/p>\n","protected":false},"excerpt":{"rendered":"<p>Az Eur\u00f3pai \u00e1ltal\u00e1nos adatv\u00e9delmi rendelet (GDPR) alapj\u00e1n, k\u00e9rj\u00fck olvassa el az adavatv\u00e9delmi t\u00e1j\u00e9koztat\u00f3nkat. Kik vagyunk Lehoczki D\u00e1vid e.v. &#8222;Kisad\u00f3z\u00f3&#8221; a Dorogi-medence Region\u00e1lis H\u00edrport\u00e1l (dorogimedence.hu) \u00fczemeltet\u0151je minim\u00e1lis szint\u0171 adatkezel\u00e9st haszn\u00e1l. Mivel az eml\u00edtett h\u00edrport\u00e1lon sem regisztr\u00e1ci\u00f3ra, sem jelentkez\u00e9sre nincs lehet\u0151s\u00e9g, \u00edgy szem\u00e9lyes adatok t\u00e1rol\u00e1sa sem t\u00f6rt\u00e9nik. Melyek azok a szem\u00e9lyes adatok, amiket gy\u0171jt\u00fcnk \u00e9s milyen c\u00e9llal<\/p>\n","protected":false},"author":1,"featured_media":0,"parent":0,"menu_order":0,"comment_status":"closed","ping_status":"closed","template":"","meta":{"ngg_post_thumbnail":0,"footnotes":""},"class_list":["post-10267","page","type-page","status-publish"],"yoast_head":"<!-- This site is optimized with the Yoast SEO plugin v27.4 - https:\/\/yoast.com\/product\/yoast-seo-wordpress\/ -->\n<title>Adatv\u00e9delmi t\u00e1j\u00e9koztat\u00f3 - Dorogi-medence Region\u00e1lis H\u00edrport\u00e1l<\/title>\n<meta name=\"robots\" content=\"index, follow, max-snippet:-1, max-image-preview:large, max-video-preview:-1\" \/>\n<link rel=\"canonical\" href=\"https:\/\/dorogimedence.hu\/index.php\/adatvedelmi-tajekoztato\/\" class=\"yoast-seo-meta-tag\" \/>\n<meta property=\"og:locale\" content=\"hu_HU\" class=\"yoast-seo-meta-tag\" \/>\n<meta property=\"og:type\" content=\"article\" class=\"yoast-seo-meta-tag\" \/>\n<meta property=\"og:title\" content=\"Adatv\u00e9delmi t\u00e1j\u00e9koztat\u00f3 - Dorogi-medence Region\u00e1lis H\u00edrport\u00e1l\" class=\"yoast-seo-meta-tag\" \/>\n<meta property=\"og:description\" content=\"Az Eur\u00f3pai \u00e1ltal\u00e1nos adatv\u00e9delmi rendelet (GDPR) alapj\u00e1n, k\u00e9rj\u00fck olvassa el az adavatv\u00e9delmi t\u00e1j\u00e9koztat\u00f3nkat. Kik vagyunk Lehoczki D\u00e1vid e.v. &#8222;Kisad\u00f3z\u00f3&#8221; a Dorogi-medence Region\u00e1lis H\u00edrport\u00e1l (dorogimedence.hu) \u00fczemeltet\u0151je minim\u00e1lis szint\u0171 adatkezel\u00e9st haszn\u00e1l. Mivel az eml\u00edtett h\u00edrport\u00e1lon sem regisztr\u00e1ci\u00f3ra, sem jelentkez\u00e9sre nincs lehet\u0151s\u00e9g, \u00edgy szem\u00e9lyes adatok t\u00e1rol\u00e1sa sem t\u00f6rt\u00e9nik. Melyek azok a szem\u00e9lyes adatok, amiket gy\u0171jt\u00fcnk \u00e9s milyen c\u00e9llal\" class=\"yoast-seo-meta-tag\" \/>\n<meta property=\"og:url\" content=\"https:\/\/dorogimedence.hu\/index.php\/adatvedelmi-tajekoztato\/\" class=\"yoast-seo-meta-tag\" \/>\n<meta property=\"og:site_name\" content=\"Dorogi-medence Region\u00e1lis H\u00edrport\u00e1l\" class=\"yoast-seo-meta-tag\" \/>\n<meta property=\"article:publisher\" content=\"https:\/\/www.facebook.com\/dorogimedence\/\" class=\"yoast-seo-meta-tag\" \/>\n<meta property=\"article:modified_time\" content=\"2021-04-02T11:43:29+00:00\" class=\"yoast-seo-meta-tag\" \/>\n<meta name=\"twitter:card\" content=\"summary_large_image\" class=\"yoast-seo-meta-tag\" \/>\n<meta name=\"twitter:label1\" content=\"Becs\u00fclt olvas\u00e1si id\u0151\" class=\"yoast-seo-meta-tag\" \/>\n\t<meta name=\"twitter:data1\" content=\"3 perc\" class=\"yoast-seo-meta-tag\" \/>\n<script type=\"application\/ld+json\" class=\"yoast-schema-graph\">{\"@context\":\"https:\\\/\\\/schema.org\",\"@graph\":[{\"@type\":\"WebPage\",\"@id\":\"https:\\\/\\\/dorogimedence.hu\\\/index.php\\\/adatvedelmi-tajekoztato\\\/\",\"url\":\"https:\\\/\\\/dorogimedence.hu\\\/index.php\\\/adatvedelmi-tajekoztato\\\/\",\"name\":\"Adatv\u00e9delmi t\u00e1j\u00e9koztat\u00f3 - Dorogi-medence Region\u00e1lis H\u00edrport\u00e1l\",\"isPartOf\":{\"@id\":\"https:\\\/\\\/dorogimedence.hu\\\/#website\"},\"datePublished\":\"2018-05-24T10:40:56+00:00\",\"dateModified\":\"2021-04-02T11:43:29+00:00\",\"breadcrumb\":{\"@id\":\"https:\\\/\\\/dorogimedence.hu\\\/index.php\\\/adatvedelmi-tajekoztato\\\/#breadcrumb\"},\"inLanguage\":\"hu\",\"potentialAction\":[{\"@type\":\"ReadAction\",\"target\":[\"https:\\\/\\\/dorogimedence.hu\\\/index.php\\\/adatvedelmi-tajekoztato\\\/\"]}]},{\"@type\":\"BreadcrumbList\",\"@id\":\"https:\\\/\\\/dorogimedence.hu\\\/index.php\\\/adatvedelmi-tajekoztato\\\/#breadcrumb\",\"itemListElement\":[{\"@type\":\"ListItem\",\"position\":1,\"name\":\"Kezd\u0151lap\",\"item\":\"https:\\\/\\\/dorogimedence.hu\\\/\"},{\"@type\":\"ListItem\",\"position\":2,\"name\":\"Adatv\u00e9delmi t\u00e1j\u00e9koztat\u00f3\"}]},{\"@type\":\"WebSite\",\"@id\":\"https:\\\/\\\/dorogimedence.hu\\\/#website\",\"url\":\"https:\\\/\\\/dorogimedence.hu\\\/\",\"name\":\"Dorogi-medence Region\u00e1lis H\u00edrport\u00e1l\",\"description\":\"Dorog, Keszt\u00f6lc, Le\u00e1nyv\u00e1r, Piliscs\u00e9v, Tokod, Tokodalt\u00e1r\u00f3, Csolnok, Esztergom-kertv\u00e1ros: h\u00edrek, programok\",\"publisher\":{\"@id\":\"https:\\\/\\\/dorogimedence.hu\\\/#organization\"},\"potentialAction\":[{\"@type\":\"SearchAction\",\"target\":{\"@type\":\"EntryPoint\",\"urlTemplate\":\"https:\\\/\\\/dorogimedence.hu\\\/?s={search_term_string}\"},\"query-input\":{\"@type\":\"PropertyValueSpecification\",\"valueRequired\":true,\"valueName\":\"search_term_string\"}}],\"inLanguage\":\"hu\"},{\"@type\":\"Organization\",\"@id\":\"https:\\\/\\\/dorogimedence.hu\\\/#organization\",\"name\":\"Dorogi-medence Region\u00e1lis H\u00edrport\u00e1l\",\"url\":\"https:\\\/\\\/dorogimedence.hu\\\/\",\"logo\":{\"@type\":\"ImageObject\",\"inLanguage\":\"hu\",\"@id\":\"https:\\\/\\\/dorogimedence.hu\\\/#\\\/schema\\\/logo\\\/image\\\/\",\"url\":\"https:\\\/\\\/dorogimedence.hu\\\/wp-content\\\/uploads\\\/2021\\\/04\\\/logo-feher-600.png\",\"contentUrl\":\"https:\\\/\\\/dorogimedence.hu\\\/wp-content\\\/uploads\\\/2021\\\/04\\\/logo-feher-600.png\",\"width\":600,\"height\":100,\"caption\":\"Dorogi-medence Region\u00e1lis H\u00edrport\u00e1l\"},\"image\":{\"@id\":\"https:\\\/\\\/dorogimedence.hu\\\/#\\\/schema\\\/logo\\\/image\\\/\"},\"sameAs\":[\"https:\\\/\\\/www.facebook.com\\\/dorogimedence\\\/\"]}]}<\/script>\n<!-- \/ Yoast SEO plugin. -->","yoast_head_json":{"title":"Adatv\u00e9delmi t\u00e1j\u00e9koztat\u00f3 - Dorogi-medence Region\u00e1lis H\u00edrport\u00e1l","robots":{"index":"index","follow":"follow","max-snippet":"max-snippet:-1","max-image-preview":"max-image-preview:large","max-video-preview":"max-video-preview:-1"},"canonical":"https:\/\/dorogimedence.hu\/index.php\/adatvedelmi-tajekoztato\/","og_locale":"hu_HU","og_type":"article","og_title":"Adatv\u00e9delmi t\u00e1j\u00e9koztat\u00f3 - Dorogi-medence Region\u00e1lis H\u00edrport\u00e1l","og_description":"Az Eur\u00f3pai \u00e1ltal\u00e1nos adatv\u00e9delmi rendelet (GDPR) alapj\u00e1n, k\u00e9rj\u00fck olvassa el az adavatv\u00e9delmi t\u00e1j\u00e9koztat\u00f3nkat. Kik vagyunk Lehoczki D\u00e1vid e.v. &#8222;Kisad\u00f3z\u00f3&#8221; a Dorogi-medence Region\u00e1lis H\u00edrport\u00e1l (dorogimedence.hu) \u00fczemeltet\u0151je minim\u00e1lis szint\u0171 adatkezel\u00e9st haszn\u00e1l. Mivel az eml\u00edtett h\u00edrport\u00e1lon sem regisztr\u00e1ci\u00f3ra, sem jelentkez\u00e9sre nincs lehet\u0151s\u00e9g, \u00edgy szem\u00e9lyes adatok t\u00e1rol\u00e1sa sem t\u00f6rt\u00e9nik. Melyek azok a szem\u00e9lyes adatok, amiket gy\u0171jt\u00fcnk \u00e9s milyen c\u00e9llal","og_url":"https:\/\/dorogimedence.hu\/index.php\/adatvedelmi-tajekoztato\/","og_site_name":"Dorogi-medence Region\u00e1lis H\u00edrport\u00e1l","article_publisher":"https:\/\/www.facebook.com\/dorogimedence\/","article_modified_time":"2021-04-02T11:43:29+00:00","twitter_card":"summary_large_image","twitter_misc":{"Becs\u00fclt olvas\u00e1si id\u0151":"3 perc"},"schema":{"@context":"https:\/\/schema.org","@graph":[{"@type":"WebPage","@id":"https:\/\/dorogimedence.hu\/index.php\/adatvedelmi-tajekoztato\/","url":"https:\/\/dorogimedence.hu\/index.php\/adatvedelmi-tajekoztato\/","name":"Adatv\u00e9delmi t\u00e1j\u00e9koztat\u00f3 - Dorogi-medence Region\u00e1lis H\u00edrport\u00e1l","isPartOf":{"@id":"https:\/\/dorogimedence.hu\/#website"},"datePublished":"2018-05-24T10:40:56+00:00","dateModified":"2021-04-02T11:43:29+00:00","breadcrumb":{"@id":"https:\/\/dorogimedence.hu\/index.php\/adatvedelmi-tajekoztato\/#breadcrumb"},"inLanguage":"hu","potentialAction":[{"@type":"ReadAction","target":["https:\/\/dorogimedence.hu\/index.php\/adatvedelmi-tajekoztato\/"]}]},{"@type":"BreadcrumbList","@id":"https:\/\/dorogimedence.hu\/index.php\/adatvedelmi-tajekoztato\/#breadcrumb","itemListElement":[{"@type":"ListItem","position":1,"name":"Kezd\u0151lap","item":"https:\/\/dorogimedence.hu\/"},{"@type":"ListItem","position":2,"name":"Adatv\u00e9delmi t\u00e1j\u00e9koztat\u00f3"}]},{"@type":"WebSite","@id":"https:\/\/dorogimedence.hu\/#website","url":"https:\/\/dorogimedence.hu\/","name":"Dorogi-medence Region\u00e1lis H\u00edrport\u00e1l","description":"Dorog, Keszt\u00f6lc, Le\u00e1nyv\u00e1r, Piliscs\u00e9v, Tokod, Tokodalt\u00e1r\u00f3, Csolnok, Esztergom-kertv\u00e1ros: h\u00edrek, programok","publisher":{"@id":"https:\/\/dorogimedence.hu\/#organization"},"potentialAction":[{"@type":"SearchAction","target":{"@type":"EntryPoint","urlTemplate":"https:\/\/dorogimedence.hu\/?s={search_term_string}"},"query-input":{"@type":"PropertyValueSpecification","valueRequired":true,"valueName":"search_term_string"}}],"inLanguage":"hu"},{"@type":"Organization","@id":"https:\/\/dorogimedence.hu\/#organization","name":"Dorogi-medence Region\u00e1lis H\u00edrport\u00e1l","url":"https:\/\/dorogimedence.hu\/","logo":{"@type":"ImageObject","inLanguage":"hu","@id":"https:\/\/dorogimedence.hu\/#\/schema\/logo\/image\/","url":"https:\/\/dorogimedence.hu\/wp-content\/uploads\/2021\/04\/logo-feher-600.png","contentUrl":"https:\/\/dorogimedence.hu\/wp-content\/uploads\/2021\/04\/logo-feher-600.png","width":600,"height":100,"caption":"Dorogi-medence Region\u00e1lis H\u00edrport\u00e1l"},"image":{"@id":"https:\/\/dorogimedence.hu\/#\/schema\/logo\/image\/"},"sameAs":["https:\/\/www.facebook.com\/dorogimedence\/"]}]}},"_links":{"self":[{"href":"https:\/\/dorogimedence.hu\/index.php\/wp-json\/wp\/v2\/pages\/10267","targetHints":{"allow":["GET"]}}],"collection":[{"href":"https:\/\/dorogimedence.hu\/index.php\/wp-json\/wp\/v2\/pages"}],"about":[{"href":"https:\/\/dorogimedence.hu\/index.php\/wp-json\/wp\/v2\/types\/page"}],"author":[{"embeddable":true,"href":"https:\/\/dorogimedence.hu\/index.php\/wp-json\/wp\/v2\/users\/1"}],"replies":[{"embeddable":true,"href":"https:\/\/dorogimedence.hu\/index.php\/wp-json\/wp\/v2\/comments?post=10267"}],"version-history":[{"count":0,"href":"https:\/\/dorogimedence.hu\/index.php\/wp-json\/wp\/v2\/pages\/10267\/revisions"}],"wp:attachment":[{"href":"https:\/\/dorogimedence.hu\/index.php\/wp-json\/wp\/v2\/media?parent=10267"}],"curies":[{"name":"wp","href":"https:\/\/api.w.org\/{rel}","templated":true}]}}